at is u(j)?
-7
Let u(p) = 124*p**3 - 121*p**2 - 219*p - 356. Let g(d) = 71*d**3 - 61*d**2 - 109*d - 179. Let v(b) = 7*g(b) - 4*u(b). What is v(-55)?
6
Let p = -13 - -23. Let l(b) = 57*b**3 - 33*b**2 + 33*b + 17. Let z(y) = 26*y**3 - 16*y**2 + 16*y + 8. Let f(c) = 5*l(c) - 11*z(c). Determine f(p).
-13
Let v(b) = -41*b**3 + 3*b + 3. Let p = 11711 - 11712. What is v(p)?
41
Let c be 4220/70 - -3 - (-2)/(-7). Let d be 134/(-871) - c/13. Let p(i) = -i**3 - 6*i**2 - 4*i - 7. Give p(d).
-12
Let v(r) = -r**3 + 7*r**2 + 7*r - 3. Suppose -4*w - 383 = -5*o, 19*w + 289 = 16*w + 2*o. Let y = w - -105. Determine v(y).
-11
Let n(c) = -32 + 25*c + 8 - 87 + c**2 + 229. Calculate n(-5).
18
Let m(k) = 4*k**2 + 364420*k + 57 - 364434*k - 3*k**2. Give m(10).
17
Let k(v) = v**3 + 6*v**2 - 22*v - 58. Let q be k(-8). Let w(p) = p**3 + 10*p**2 - p - 15. What is w(q)?
-5
Let f be 6/4*20/15. Let q(k) = k**2 + 5*k**2 - f*k + 3*k - 4*k**2. Let s(l) = -5*l + 47. Let z be s(9). What is q(z)?
10
Let z(c) = -c**3 - 10*c**2 - c - 8. Let q be z(-10). Let h be (-5)/q - 9/18. Let k(w) = -17*w - 16*w + 34*w + 4. Give k(h).
1
Let k be 3/(12/40)*(35/(-10) + 3). Let x(o) = o**3 + 5*o**2 - 8*o - 3. Calculate x(k).
37
Let o(q) = -55*q**2 + 331*q + 157. Let h(v) = 32*v**2 - 166*v - 79. Let c(r) = -5*h(r) - 3*o(r). Calculate c(33).
-10
Let b(k) = -2. Let u = 5 - 7. Suppose 23 - 48 = -17*x + 26. Let f(i) = -i - 3. Let h(t) = u*f(t) + x*b(t). What is h(-2)?
-4
Let r(g) be the second derivative of -5*g**2 + 1/15*g**5 - 13*g + 1/2*g**3 - 1/120*g**6 + 0*g**4 + 0. Let x(i) be the first derivative of r(i). Give x(4).
3
Let h(r) be the second derivative of 0 - 27*r + 5/2*r**2 - 1/20*r**5 - 2/3*r**3 + 1/2*r**4. Calculate h(5).
10
Let j(m) = m. Suppose 24 = 2*l + 4*l. Suppose -l*i - i + 35 = 0. Suppose 1 = -o - 5*w - i, -3*o - 11 = 2*w. What is j(o)?
-3
Let b(w) = w**2 - 15*w - 18. Suppose 11 = -x - 2*k - 0, 31 = -5*x - 4*k. Let l(c) = c**2 - 16*c - 25. Let g(d) = x*b(d) + 2*l(d). Determine g(13).
4
Let o(z) = z**3 + z**2 - 3*z - 1. Let f be (-18)/(-15)*410/(-4). Let v = f - -120. Calculate o(v).
-10
Let z(k) = -k**2 + 13*k + 12. Suppose -5*h - 297 = -367. Let c be z(h). Let j(a) = -3*a**3 - 4*a**2 - 3*a. Calculate j(c).
14
Let q(w) = 2*w - 8. Let r = -159 + 150. Let b(c) = c**2 + 8*c - 11. Let s be b(r). Let d(p) = 3*p**2 + 7*p + 8. Let a be d(s). Give q(a).
4
Let k(f) = -36*f**2 - 28*f - 14. Let y(p) = -7*p**2 - 3*p - 1. Let j(b) = -k(b) + 5*y(b). What is j(-6)?
-33
Let j(a) = 2*a**2 - 2*a + 3. Let c(l) = -32 - 2 - 5*l + 54 + 32. Let p be c(10). Give j(p).
7
Let m be 22/10 + 2/(-10) + -41. Let q = m - -41. Suppose -q*w + 20 = 3*w. Let g(v) = v**2 - v - 2. Calculate g(w).
10
Let g(o) = 61*o + 1141. Let f(n) = -31*n - 548. Let h(v) = -5*f(v) - 2*g(v). Calculate h(-14).
-4
Let p(l) = -l + 1. Let j(d) = -5*d + 3. Let z(k) = 7*k - 50. Let y be z(7). Let a(s) = y*j(s) + 4*p(s). Suppose -57 = -4*i - 49. Determine a(i).
3
Let x(a) = -41*a - 162. Let j be x(-4). Let y(u) = 11*u - u**j + 0*u**2 + 0*u - 20. Determine y(8).
4
Let k = 1503 + -1505. Let o(s) = -s**3 - s**2 + s + 1. Let f(a) = -a**3 - 2*a**2 - 3*a - 4. Let y(p) = -f(p) - o(p). Calculate y(k).
-5
Let u = -1239 + 1237. Let q(s) = -2*s**3 - 4*s**2 - 7*s - 8. Give q(u).
6
Suppose 0 = 4*x - x. Suppose 2*o + 2 = -x. Let a(q) = -38*q**2 - 9*q**2 + 48*q**2 - 27*q**3. Determine a(o).
28
Let y be ((-2)/6)/((-716)/(-60) + -12). Let w(u) be the third derivative of 0*u + 0 + 1/3*u**4 - 3*u**2 - 1/60*u**y - 3/2*u**3. What is w(6)?
3
Let m(u) = -52 + 389693*u - 6 - u**2 - 389673*u. Determine m(17).
-7
Suppose -m + 4*u - 22 = u, 5*m + 4*u = -15. Let n(r) = -r + 127. Let i(p) = -2*p + 287. Let w(g) = -4*i(g) + 9*n(g). Determine w(m).
2
Let z(r) = r**3 - 10*r**2 - 4*r - 60. Let b(u) = u**3 + 5*u**2 - 4*u - 21. Let s be b(-4). What is z(s)?
17
Suppose 4*q + 1580*s = 1579*s - 76, q = 5*s + 2. Let g(k) = -k**2 - 20*k - 51. Calculate g(q).
-15
Let b(p) = -p**2 + 11*p - 7. Suppose 5*r + 8*o - 6*o - 40 = 0, -55 = -3*r + 5*o. Give b(r).
3
Let x(c) = 7 + 2*c**3 - 13 - 2*c**2 + 1 - 3*c**2. Let y be x(3). Suppose 3*s + y*l - 13 = -3, 2*s - 3*l + 16 = 0. Let t(p) = -5*p - 1. Calculate t(s).
9
Let p(a) = -27*a + 112. Let k(r) = 137*r - 446. Let o(l) = -2*k(l) - 9*p(l). What is o(-4)?
8
Let l be (19/4)/((-1)/(-12)). Let s be l/6*-2*-1. Suppose s*r - 23*r + 4 = 0. Let v(z) = -12*z**2 - z + 1. Determine v(r).
-12
Let k be 4/(36/(-9)) + 0. Let x(y) = 4*y - 4. Let w(f) = -8*f + 7. Suppose 62 = 5*s + 5*r + 12, -4*r = s - 25. Let o(n) = s*x(n) + 3*w(n). Determine o(k).
5
Suppose -2*x - r - 6 = 0, 5*x + 5*r - 68 = -73. Let z(d) = d**2 + 11*d + 2. Determine z(x).
-28
Let q(u) = -35*u. Let t(j) = 12*j. Let o(y) = -5*q(y) - 14*t(y). Let a be (-3)/1 - (10 + -11)*4. Give o(a).
7
Let g(d) = -6*d. Let x(h) = -2*h**2 + 16*h - 3. Let m(a) = a**3 + 8*a**2 - 12*a - 19. Let v be m(-9). Let y be x(v). Determine g(y).
18
Let y = 23 - -39. Suppose -3*a + 4*d + y = 20, -a + 4 = 2*d. Suppose 2*z = a*z. Let o(u) = u**2 - u - 6. What is o(z)?
-6
Let m(o) = -7*o - 120. Let n = 749 - 766. Let w be m(n). Let h(b) be the third derivative of b**6/120 + b**5/60 + b**4/24 + b**3/6 + b**2. Calculate h(w).
0
Suppose 0 = -2*h + 5 + 167. Let w = -88 + h. Let u(y) = y**2 + 1. Let p(d) = -d**2 - d - 6. Let s(j) = w*u(j) - p(j). Give s(3).
-2
Let l be 2/1 - (-14 - -10). Suppose -4*p + l = -z, -2*p + 7*p = 10. Let r(n) = 2 + 18*n**2 - n**3 + n - 6 - 21*n**z. Determine r(-4).
8
Suppose -6*g + 11*g = 25, -4*o + 4*g - 68 = 0. Let b(l) = 16*l + 189. Give b(o).
-3
Let x = -14 + 17. Suppose 0*i = -6*i + 48. Let a(j) = -40*j + 11. Let h(n) = 13*n - 4. Let d(m) = i*h(m) + x*a(m). Give d(-1).
17
Let v(a) be the second derivative of -a**5/20 - a**4/3 + 10*a**3/3 + 19*a**2 + 1236*a. Give v(-6).
-10
Let w(x) be the third derivative of x**4/2 - 53*x**3/6 + 86*x**2 - 2*x. Determine w(4).
-5
Let p(q) be the second derivative of q**5/20 + 2*q**4/3 + 7*q**3/6 - 5*q**2/2 - 157*q - 1. Determine p(-6).
25
Let s be (-58)/(-5) - (-216)/540. Let o(w) = -w**3 + 11*w**2 + 12*w + 2. Calculate o(s).
2
Let c(k) = -k + 10. Suppose -1743 = 38*n - 5353. Suppose -12*l = -31*l + n. What is c(l)?
5
Let o(y) = 43*y + 0*y + 6 - 24*y - 15*y. Suppose 0 = 4*h - 2*d + 10 + 22, 25 = -5*h - 5*d. Determine o(h).
-22
Let r(j) be the third derivative of -5*j**4/24 - j**3/6 - 7*j**2 - 6. Let f(b) = 4*b + 1. Let z(d) = -3*f(d) - 2*r(d). Give z(-4).
7
Suppose 0 = -15903*s + 15920*s - 459. Let r(h) be the second derivative of s*h + 0 - 7/2*h**2 - 1/6*h**3. Give r(-6).
-1
Let v(h) = -17*h + 1034. Let z be v(61). Let b(m) = 32*m + 92. Determine b(z).
-4
Let z(n) = n**3 + 10*n**2 + n + 9. Suppose -3*r + 160 = 5*r. Suppose r*g = 14*g - 60. Determine z(g).
-1
Let w(q) be the third derivative of 0 + 0*q**4 + 0*q + 11/6*q**3 + 1/180*q**6 - 1/60*q**5 - 2*q**2. Let j(t) be the first derivative of w(t). Calculate j(2).
4
Let j(y) be the third derivative of -y**8/6720 + y**5/120 - y**4/2 - y**3/2 - 63*y**2. Let w(d) be the second derivative of j(d). Give w(0).
1
Let x(h) = h**3 + h**2 - 28*h - 8. Suppose -4*y + 46 - 26 = 0. Let r be x(y). Let z(g) = 11*g + 1. What is z(r)?
23
Let b(i) = 5*i - 27. Let z be b(6). Let l(f) = -5 + 0*f + 5*f - 2*f**2 + f**3 - z*f**2 + 1. Calculate l(5).
21
Let n = -1795 - -1796. Let z(d) = -35*d + 31. Determine z(n).
-4
Let q(d) = 2*d - 4. Let p be q(5). Suppose p*v = 16*v. Let o(l) = 4 - 6 + 4*l + v + 3. Determine o(-1).
-3
Let b(o) = 8*o**2 + 2*o + 4. Let h(x) = x**3 + 3*x**2 - x - 3. Let y be h(-2). Let c(q) = -9*q**2 - 3*q - 5. Let d(v) = y*b(v) + 2*c(v). What is d(2)?
26
Suppose 5*l = 4*a + 432 - 403, 11 = 2*l - a. Let t(o) = -5*o**2 + 22*o - 5. Give t(l).
-20
Let p(i) = i**3 + 3*i**2 - 41*i + 8 + 85*i - 10*i**2 - 3*i**3 - 41*i. What is p(-4)?
12
Let u(m) = -2*m**2 - 13*m + 16. Suppose -w + 3*p = 19, -p + 32 = -12*w + 8*w. Calculate u(w).
9
Let q(o) = -13*o**3 + 15*o**2 + 3*o - 45. Let v(z) = -69*z**3 + 74*z**2 + 15*z - 226. Let i(f) = 16*q(f) - 3*v(f). Determine i(18).
12
Suppose j + 16*j = -34. Let i(y) = y**2. Let z(p) = 2*p**2. Let t(m) = 11*i(m) - 6*z(m). Give t(j).
-4
Let x be 14/(-35) + 24/10. Suppose 0 = 5*n + 5*d - 93 - 32, -x*n - 3*d + 55 = 0. Suppose -47*b - n = -43*b. Let t(o) = o + 6. Give t(b).
1
Let c(y) be the third der